{"id":204,"date":"2016-02-01T07:12:11","date_gmt":"2016-02-01T09:12:11","guid":{"rendered":"https:\/\/grupoairslaid.com.br\/lonas\/?post_type=product&#038;p=204"},"modified":"2023-11-13T09:35:37","modified_gmt":"2023-11-13T12:35:37","slug":"lonas-para-filtro-prensa","status":"publish","type":"product","link":"https:\/\/grupoairslaid.com.br\/lonas\/produto\/lonas-para-filtro-prensa\/","title":{"rendered":"Lonas para filtro prensa"},"content":{"rendered":"<p>As lonas para filtro prensa, s\u00e3o\u00a0 fabricadas em nossa pr\u00f3pria tecelagem, ou seja, \u00e9 um tecido filtrante confeccionado de forma personalizada de acordo com os requisitos t\u00e9cnicos solicitados pelo cliente, com a finalidade de agilizar a produ\u00e7\u00e3o do elemento.<\/p>\n<p>Especialista na fabrica\u00e7\u00e3o de tecidos filtrantes, conhe\u00e7a as lonas para filtro prensa Air Slaid e garanta a qualidade em seu processo de filtra\u00e7\u00e3o com um produto de alta resist\u00eancia mec\u00e2nica, contribuindo de forma significativa os ganhos e aumento de produtividade;<\/p>\n<p>Produzimos nas dimens\u00f5es de 250x250mm at\u00e9 2500&#215;2500 mm, com todos os acess\u00f3rios, gramatura e especifica\u00e7\u00f5es desejadas:<\/p>\n<ul>\n<li>Emborrachadas na \u00e1rea da veda\u00e7\u00e3o;<\/li>\n<li>Cortadas \u00e0 laser;<\/li>\n<li>Fechamento em velcron ou bot\u00f5es;<\/li>\n<li>Fixa\u00e7\u00e3o por presilhas;<\/li>\n<li>Furadas por ultrassom;<\/li>\n<li>Interliga\u00e7\u00e3o em Rubber-neck.<\/li>\n<\/ul>\n<p><strong>Diversos tipos de tecidos:<\/strong> Monofilamento, Multifilamento, Fibra cortada e mescladas;<\/p>\n<p><strong>Nas fibras:<\/strong> Polipropileno (PP), Poliamida (PA), Poli\u00e9ster (PES);<\/p>\n<p><strong>Benef\u00edcios Lonas filtro prensa Air Slaid:<\/strong><\/p>\n<p>Dessa maneira, as lonas para filtro prensa Air Slaid, garantem diversos benef\u00edcios para seu processo de filtra\u00e7\u00e3o, sendo eles:<\/p>\n<ul>\n<li>Desempenho e alta performance;<\/li>\n<li>Resist\u00eancia qu\u00edmica e \u00e0 abras\u00f5es;<\/li>\n<li>Filtrado mais puro e desprendimento de torta autom\u00e1tico;<\/li>\n<li>Desidrata\u00e7\u00e3o do lodo;<\/li>\n<li>F\u00e1cil manuten\u00e7\u00e3o e lavagem;<\/li>\n<li>Designs padronizados para todos os requisitos t\u00e9cnicos;<\/li>\n<li>Durabilidade;<\/li>\n<li>Qualidade e seguran\u00e7a para seu processo.<\/li>\n<\/ul>\n<p>Al\u00e9m disso, esse produto \u00e9 especialmente indicado para filtra\u00e7\u00e3o de diversos processos industriais:<\/p>\n<p>ETE Esta\u00e7\u00e3o de tratamento de efluentes, minera\u00e7\u00e3o, ind\u00fastria qu\u00edmica, ind\u00fastria farmac\u00eautica, galvaniza\u00e7\u00e3o, metal\u00fargica, farinheiras, entre outras;<\/p>\n<p>Solicite um or\u00e7amento ou tire suas d\u00favidas, com nossa equipe t\u00e9cnica e de vendas:<\/p>\n<p><a href=\"https:\/\/api.whatsapp.com\/send?phone=5519983640027\" target=\"_blank\" rel=\"noopener\">https:\/\/api.whatsapp.com\/send?phone=5519983640027<\/a><\/p>\n<p><a href=\"https:\/\/grupoairslaid.com.br\/lonas\/contato\/\">https:\/\/grupoairslaid.com.br\/lonas\/contato\/<\/a><\/p>\n<p>&nbsp;<\/p>\n","protected":false},"excerpt":{"rendered":"<p>As lonas para filtro prensa, s\u00e3o\u00a0 fabricadas em nossa pr\u00f3pria tecelagem, ou seja, \u00e9 um tecido filtrante confeccionado de forma personalizada de acordo com os requisitos t\u00e9cnicos solicitados pelo cliente, com a finalidade de agilizar a produ\u00e7\u00e3o do elemento. Especialista na fabrica\u00e7\u00e3o de tecidos filtrantes, conhe\u00e7a as lonas para filtro prensa Air Slaid e garanta [&hellip;]<\/p>\n","protected":false},"featured_media":5191,"comment_status":"closed","ping_status":"closed","template":"","meta":{"rank_math_lock_modified_date":false,"_monsterinsights_skip_tracking":false,"_monsterinsights_sitenote_active":false,"_monsterinsights_sitenote_note":"","_monsterinsights_sitenote_category":0,"_uf_show_specific_survey":0,"_uf_disable_surveys":false,"_joinchat":[]},"product_cat":[453],"product_tag":[],"acf":[],"aioseo_notices":[],"_links":{"self":[{"href":"https:\/\/grupoairslaid.com.br\/lonas\/wp-json\/wp\/v2\/product\/204"}],"collection":[{"href":"https:\/\/grupoairslaid.com.br\/lonas\/wp-json\/wp\/v2\/product"}],"about":[{"href":"https:\/\/grupoairslaid.com.br\/lonas\/wp-json\/wp\/v2\/types\/product"}],"replies":[{"embeddable":true,"href":"https:\/\/grupoairslaid.com.br\/lonas\/wp-json\/wp\/v2\/comments?post=204"}],"version-history":[{"count":1,"href":"https:\/\/grupoairslaid.com.br\/lonas\/wp-json\/wp\/v2\/product\/204\/revisions"}],"predecessor-version":[{"id":5495,"href":"https:\/\/grupoairslaid.com.br\/lonas\/wp-json\/wp\/v2\/product\/204\/revisions\/5495"}],"wp:featuredmedia":[{"embeddable":true,"href":"https:\/\/grupoairslaid.com.br\/lonas\/wp-json\/wp\/v2\/media\/5191"}],"wp:attachment":[{"href":"https:\/\/grupoairslaid.com.br\/lonas\/wp-json\/wp\/v2\/media?parent=204"}],"wp:term":[{"taxonomy":"product_cat","embeddable":true,"href":"https:\/\/grupoairslaid.com.br\/lonas\/wp-json\/wp\/v2\/product_cat?post=204"},{"taxonomy":"product_tag","embeddable":true,"href":"https:\/\/grupoairslaid.com.br\/lonas\/wp-json\/wp\/v2\/product_tag?post=204"}],"curies":[{"name":"wp","href":"https:\/\/api.w.org\/{rel}","templated":true}]}}