{"id":222,"date":"2016-02-01T07:27:54","date_gmt":"2016-02-01T09:27:54","guid":{"rendered":"https:\/\/grupoairslaid.com.br\/lonas\/?post_type=product&#038;p=222"},"modified":"2023-11-13T09:27:35","modified_gmt":"2023-11-13T12:27:35","slug":"tela-para-caldo-clarificado","status":"publish","type":"product","link":"https:\/\/grupoairslaid.com.br\/lonas\/produto\/tela-para-caldo-clarificado\/","title":{"rendered":"Tela para caldo clarificado"},"content":{"rendered":"<p>A tela para caldo clarificado MasterPol CC, \u00e9\u00a0 um tecido confeccionado com fios monofilamento 100% Poli\u00e9ster.<\/p>\n<p>Possui um \u00f3timo \u00edndice de reten\u00e7\u00e3o de concentrados, deixando o caldo clarificado limpo e isento de s\u00f3lidos em suspens\u00e3o.<\/p>\n","protected":false},"excerpt":{"rendered":"<p>A tela para caldo clarificado MasterPol CC, \u00e9\u00a0 um tecido confeccionado com fios monofilamento 100% Poli\u00e9ster. Possui um \u00f3timo \u00edndice de reten\u00e7\u00e3o de concentrados, deixando o caldo clarificado limpo e isento de s\u00f3lidos em suspens\u00e3o.<\/p>\n","protected":false},"featured_media":5175,"comment_status":"closed","ping_status":"closed","template":"","meta":{"rank_math_lock_modified_date":false,"_monsterinsights_skip_tracking":false,"_monsterinsights_sitenote_active":false,"_monsterinsights_sitenote_note":"","_monsterinsights_sitenote_category":0,"_uf_show_specific_survey":0,"_uf_disable_surveys":false,"_joinchat":[]},"product_cat":[454],"product_tag":[],"acf":[],"aioseo_notices":[],"_links":{"self":[{"href":"https:\/\/grupoairslaid.com.br\/lonas\/wp-json\/wp\/v2\/product\/222"}],"collection":[{"href":"https:\/\/grupoairslaid.com.br\/lonas\/wp-json\/wp\/v2\/product"}],"about":[{"href":"https:\/\/grupoairslaid.com.br\/lonas\/wp-json\/wp\/v2\/types\/product"}],"replies":[{"embeddable":true,"href":"https:\/\/grupoairslaid.com.br\/lonas\/wp-json\/wp\/v2\/comments?post=222"}],"version-history":[{"count":1,"href":"https:\/\/grupoairslaid.com.br\/lonas\/wp-json\/wp\/v2\/product\/222\/revisions"}],"predecessor-version":[{"id":5491,"href":"https:\/\/grupoairslaid.com.br\/lonas\/wp-json\/wp\/v2\/product\/222\/revisions\/5491"}],"wp:featuredmedia":[{"embeddable":true,"href":"https:\/\/grupoairslaid.com.br\/lonas\/wp-json\/wp\/v2\/media\/5175"}],"wp:attachment":[{"href":"https:\/\/grupoairslaid.com.br\/lonas\/wp-json\/wp\/v2\/media?parent=222"}],"wp:term":[{"taxonomy":"product_cat","embeddable":true,"href":"https:\/\/grupoairslaid.com.br\/lonas\/wp-json\/wp\/v2\/product_cat?post=222"},{"taxonomy":"product_tag","embeddable":true,"href":"https:\/\/grupoairslaid.com.br\/lonas\/wp-json\/wp\/v2\/product_tag?post=222"}],"curies":[{"name":"wp","href":"https:\/\/api.w.org\/{rel}","templated":true}]}}