{"id":240,"date":"2016-02-01T07:29:43","date_gmt":"2016-02-01T09:29:43","guid":{"rendered":"https:\/\/grupoairslaid.com.br\/lonas\/?post_type=product&#038;p=240"},"modified":"2023-11-13T09:24:32","modified_gmt":"2023-11-13T12:24:32","slug":"tela-para-filtro-prensa-masterpol-90","status":"publish","type":"product","link":"https:\/\/grupoairslaid.com.br\/lonas\/produto\/tela-para-filtro-prensa-masterpol-90\/","title":{"rendered":"Tela espiral para filtro prensa Masterpol 90"},"content":{"rendered":"<p>A tela espiral para filtro prensa Masterpol 90, \u00e9 um produto fabricado com fios em monofilamento 100% poli\u00e9ster, com di\u00e2metro do fio de 0,90mm. Possui uma permeabilidade com varia\u00e7\u00e3o entre 900 e 1200 CFM, al\u00e9m de uma excelente estabilidade dimensional.<\/p>\n<p>Elaboramos conforme a necessidade de cada cliente, atendendo todos os requisitos t\u00e9cnicos e medida desejada.<\/p>\n<p>Nossa tela filtro prensa Masterpol 90, conta com um acabamento exclusivo em borda de poliuretano extrusada, que garantem um melhor desempenho e evita o desalinhamento.<\/p>\n<p>Seu uso \u00e9 indicado para Filtro prensa em usinas de a\u00e7\u00facar e \u00e1lcool nos equipamentos: prensas desaguadoras para tratamento de efluentes e para secagem de pap\u00e9is Tissue e marrom.<\/p>\n<p>ESPECIFICA\u00c7\u00d5ES:<\/p>\n<ul>\n<li>Espessura do fio: \u00d8 0,9 mm;<\/li>\n<li>Permeabilidade do ar: entre 1050 e 1200 CFM fornecidas com ou 1,2,3 e 4 fios de enchimento;<\/li>\n<li>Acabamento: borda extrusada na cor laranja de 30mm.<\/li>\n<\/ul>\n<p>APLICA\u00c7\u00d5ES:<\/p>\n<p>Utilizamos em processos industriais como:<\/p>\n<ul>\n<li>Lavagens de cinzas da caldeira;<\/li>\n<li>Plantas de fuligem;<\/li>\n<li>Secagem de pap\u00e9is<\/li>\n<li>Desaguamento de lodos em ETEs;<\/li>\n<li>Entre outros.<\/li>\n<\/ul>\n<p>A tela espiral para filtro prensa, tamb\u00e9m se encontra dispon\u00edvel com fio <a href=\"https:\/\/grupoairslaid.com.br\/lonas\/produto\/tela-para-filtro-prensa-masterpol-90\/\">0,90mm<\/a><\/p>\n<p>Voc\u00ea pode gostar de outros produtos Big Telas, para linha<a href=\"https:\/\/grupoairslaid.com.br\/lonas\/produto\/tela-peneira-de-fuligem-masterpol-q9000\/\"> filtro de fuligem.<\/a><\/p>\n<p>&nbsp;<\/p>\n<p><a href=\"https:\/\/grupoairslaid.com.br\/lonas\/wp-content\/uploads\/2019\/11\/90.jpg\" data-rel=\"lightbox-image-0\" data-rl_title=\"\" data-rl_caption=\"\" title=\"\"><img fetchpriority=\"high\" decoding=\"async\" class=\"alignnone wp-image-527\" src=\"https:\/\/grupoairslaid.com.br\/lonas\/wp-content\/uploads\/2019\/11\/90-300x300.jpg\" alt=\"\" width=\"232\" height=\"232\" title=\"\"><\/a><\/p>\n","protected":false},"excerpt":{"rendered":"<p>A tela espiral para filtro prensa Masterpol 90, \u00e9 um produto fabricado com fios em monofilamento 100% poli\u00e9ster, com di\u00e2metro do fio de 0,90mm. Possui uma permeabilidade com varia\u00e7\u00e3o entre 900 e 1200 CFM, al\u00e9m de uma excelente estabilidade dimensional. Elaboramos conforme a necessidade de cada cliente, atendendo todos os requisitos t\u00e9cnicos e medida desejada. [&hellip;]<\/p>\n","protected":false},"featured_media":5172,"comment_status":"closed","ping_status":"closed","template":"","meta":{"rank_math_lock_modified_date":false,"_monsterinsights_skip_tracking":false,"_monsterinsights_sitenote_active":false,"_monsterinsights_sitenote_note":"","_monsterinsights_sitenote_category":0,"_uf_show_specific_survey":0,"_uf_disable_surveys":false,"_joinchat":[]},"product_cat":[454],"product_tag":[],"acf":[],"aioseo_notices":[],"_links":{"self":[{"href":"https:\/\/grupoairslaid.com.br\/lonas\/wp-json\/wp\/v2\/product\/240"}],"collection":[{"href":"https:\/\/grupoairslaid.com.br\/lonas\/wp-json\/wp\/v2\/product"}],"about":[{"href":"https:\/\/grupoairslaid.com.br\/lonas\/wp-json\/wp\/v2\/types\/product"}],"replies":[{"embeddable":true,"href":"https:\/\/grupoairslaid.com.br\/lonas\/wp-json\/wp\/v2\/comments?post=240"}],"version-history":[{"count":1,"href":"https:\/\/grupoairslaid.com.br\/lonas\/wp-json\/wp\/v2\/product\/240\/revisions"}],"predecessor-version":[{"id":5489,"href":"https:\/\/grupoairslaid.com.br\/lonas\/wp-json\/wp\/v2\/product\/240\/revisions\/5489"}],"wp:featuredmedia":[{"embeddable":true,"href":"https:\/\/grupoairslaid.com.br\/lonas\/wp-json\/wp\/v2\/media\/5172"}],"wp:attachment":[{"href":"https:\/\/grupoairslaid.com.br\/lonas\/wp-json\/wp\/v2\/media?parent=240"}],"wp:term":[{"taxonomy":"product_cat","embeddable":true,"href":"https:\/\/grupoairslaid.com.br\/lonas\/wp-json\/wp\/v2\/product_cat?post=240"},{"taxonomy":"product_tag","embeddable":true,"href":"https:\/\/grupoairslaid.com.br\/lonas\/wp-json\/wp\/v2\/product_tag?post=240"}],"curies":[{"name":"wp","href":"https:\/\/api.w.org\/{rel}","templated":true}]}}