{"id":4953,"date":"2016-01-27T14:42:06","date_gmt":"2016-01-27T16:42:06","guid":{"rendered":"https:\/\/grupoairslaid.com.br\/lonas\/?post_type=product&#038;p=251"},"modified":"2023-11-13T09:45:00","modified_gmt":"2023-11-13T12:45:00","slug":"tecido-para-turbo-filtro","status":"publish","type":"product","link":"https:\/\/grupoairslaid.com.br\/lonas\/produto\/tecido-para-turbo-filtro\/","title":{"rendered":"Tecido para turbo filtro"},"content":{"rendered":"<p>O tecido para turbo filtro \u00e9 utilizado na turbofiltra\u00e7\u00e3o, um processo cont\u00ednuo de separa\u00e7\u00e3o de micros\u00f3lidos insol\u00faveis. Aplica-se esse processo nos mercados sucroalcooleiro e c\u00edtrico. O tecido \u00e9 utilizado na separa\u00e7\u00e3o s\u00f3lido l\u00edquido do caldo, podendo ser utilizado na filtra\u00e7\u00e3o de:<\/p>\n<p><strong>SUCROALCOOLEIRO<\/strong><\/p>\n<p>-caldo misto<\/p>\n<p>-caldo clarificado<\/p>\n<p>-xarope<\/p>\n<p>-m\u00e9is<\/p>\n<p>-caldo filtrado<\/p>\n<p>-vinha\u00e7a<\/p>\n<p><strong>C\u00cdTRICO<\/strong><\/p>\n<p>-suco prim\u00e1rio<\/p>\n<p>-pulp wash<\/p>\n<p>-core wash<\/p>\n<p>-emuls\u00e3o para \u00f3leos essenciais<\/p>\n<p>-press liquor<\/p>\n","protected":false},"excerpt":{"rendered":"<p>O tecido para turbo filtro \u00e9 utilizado na turbofiltra\u00e7\u00e3o, um processo cont\u00ednuo de separa\u00e7\u00e3o de micros\u00f3lidos insol\u00faveis. Aplica-se esse processo nos mercados sucroalcooleiro e c\u00edtrico. O tecido \u00e9 utilizado na separa\u00e7\u00e3o s\u00f3lido l\u00edquido do caldo, podendo ser utilizado na filtra\u00e7\u00e3o de: SUCROALCOOLEIRO -caldo misto -caldo clarificado -xarope -m\u00e9is -caldo filtrado -vinha\u00e7a C\u00cdTRICO -suco prim\u00e1rio -pulp [&hellip;]<\/p>\n","protected":false},"featured_media":5183,"comment_status":"closed","ping_status":"closed","template":"","meta":{"rank_math_lock_modified_date":false,"_monsterinsights_skip_tracking":false,"_monsterinsights_sitenote_active":false,"_monsterinsights_sitenote_note":"","_monsterinsights_sitenote_category":0,"_uf_show_specific_survey":0,"_uf_disable_surveys":false,"_joinchat":[]},"product_cat":[454],"product_tag":[],"acf":[],"aioseo_notices":[],"_links":{"self":[{"href":"https:\/\/grupoairslaid.com.br\/lonas\/wp-json\/wp\/v2\/product\/4953"}],"collection":[{"href":"https:\/\/grupoairslaid.com.br\/lonas\/wp-json\/wp\/v2\/product"}],"about":[{"href":"https:\/\/grupoairslaid.com.br\/lonas\/wp-json\/wp\/v2\/types\/product"}],"replies":[{"embeddable":true,"href":"https:\/\/grupoairslaid.com.br\/lonas\/wp-json\/wp\/v2\/comments?post=4953"}],"version-history":[{"count":1,"href":"https:\/\/grupoairslaid.com.br\/lonas\/wp-json\/wp\/v2\/product\/4953\/revisions"}],"predecessor-version":[{"id":5497,"href":"https:\/\/grupoairslaid.com.br\/lonas\/wp-json\/wp\/v2\/product\/4953\/revisions\/5497"}],"wp:featuredmedia":[{"embeddable":true,"href":"https:\/\/grupoairslaid.com.br\/lonas\/wp-json\/wp\/v2\/media\/5183"}],"wp:attachment":[{"href":"https:\/\/grupoairslaid.com.br\/lonas\/wp-json\/wp\/v2\/media?parent=4953"}],"wp:term":[{"taxonomy":"product_cat","embeddable":true,"href":"https:\/\/grupoairslaid.com.br\/lonas\/wp-json\/wp\/v2\/product_cat?post=4953"},{"taxonomy":"product_tag","embeddable":true,"href":"https:\/\/grupoairslaid.com.br\/lonas\/wp-json\/wp\/v2\/product_tag?post=4953"}],"curies":[{"name":"wp","href":"https:\/\/api.w.org\/{rel}","templated":true}]}}