{"id":4955,"date":"2016-02-01T07:30:57","date_gmt":"2016-02-01T09:30:57","guid":{"rendered":"https:\/\/grupoairslaid.com.br\/lonas\/?post_type=product&#038;p=227"},"modified":"2023-11-13T09:23:18","modified_gmt":"2023-11-13T12:23:18","slug":"tela-espiral-para-filtro-prensa-masterpol-70","status":"publish","type":"product","link":"https:\/\/grupoairslaid.com.br\/lonas\/produto\/tela-espiral-para-filtro-prensa-masterpol-70\/","title":{"rendered":"Tela espiral para filtro prensa Masterpol 70"},"content":{"rendered":"<p>A tela para filtro prensa MasterPol 70, \u00e9 um produto fabricado com fios monofilamento de poli\u00e9ster de 0,70mm. Possui uma permeabilidade entre 900 a 1200 CFM, al\u00e9m de uma excelente estabilidade mec\u00e2nica. Elaboramos conforme a necessidade de cada cliente, atendendo todos os requisitos t\u00e9cnicos e medida desejada.<\/p>\n<p>Nossa tela, conta com um acabamento exclusivo em borda resinada laranja, que garantem um melhor desempenho e ganhos produtivos na opera\u00e7\u00e3o do processo.<\/p>\n<p>Seu uso \u00e9 indicado para Filtro prensa em usinas, prensas desaguadoras para tratamento de efluentes e para secagem de pap\u00e9is tissue e marrom<\/p>\n<p>ESPECIFICA\u00c7\u00d5ES:<\/p>\n<ul>\n<li><strong>Espessura do fio:<\/strong>\u00a0 \u00d8 0,7 mm<\/li>\n<li><strong>Permeabilidade do ar:<\/strong>\u00a0entre 900 \u00e0 1200 CFM fornecidas com ou sem fios de enchimento.<\/li>\n<li><strong>Acabamento:<\/strong>\u00a0borda resinada de 30mm<\/li>\n<\/ul>\n<p>APLICA\u00c7\u00d5ES:<\/p>\n<p>S\u00e3o utilizadas em alguns processos industriais como:<\/p>\n<ul>\n<li>Lavagens de cinzas da caldeira;<\/li>\n<li>Filtra\u00e7\u00e3o de fuligem;<\/li>\n<li>Secagem de pap\u00e9is<\/li>\n<li>Desaguamento de lodos em ETEs;<\/li>\n<li>Entre outros.<\/li>\n<\/ul>\n<p>Temos dispon\u00edveis tamb\u00e9m em nossa linha de produtos, telas com fios de enchimento desde 01 at\u00e9 04. Consulte nossa equipe e saiba mais!<\/p>\n","protected":false},"excerpt":{"rendered":"<p>A tela para filtro prensa MasterPol 70, \u00e9 um produto fabricado com fios monofilamento de poli\u00e9ster de 0,70mm. Possui uma permeabilidade entre 900 a 1200 CFM, al\u00e9m de uma excelente estabilidade mec\u00e2nica. Elaboramos conforme a necessidade de cada cliente, atendendo todos os requisitos t\u00e9cnicos e medida desejada. Nossa tela, conta com um acabamento exclusivo em [&hellip;]<\/p>\n","protected":false},"featured_media":5250,"comment_status":"closed","ping_status":"closed","template":"","meta":{"rank_math_lock_modified_date":false,"_monsterinsights_skip_tracking":false,"_monsterinsights_sitenote_active":false,"_monsterinsights_sitenote_note":"","_monsterinsights_sitenote_category":0,"_uf_show_specific_survey":0,"_uf_disable_surveys":false,"_joinchat":[]},"product_cat":[454],"product_tag":[],"acf":[],"aioseo_notices":[],"_links":{"self":[{"href":"https:\/\/grupoairslaid.com.br\/lonas\/wp-json\/wp\/v2\/product\/4955"}],"collection":[{"href":"https:\/\/grupoairslaid.com.br\/lonas\/wp-json\/wp\/v2\/product"}],"about":[{"href":"https:\/\/grupoairslaid.com.br\/lonas\/wp-json\/wp\/v2\/types\/product"}],"replies":[{"embeddable":true,"href":"https:\/\/grupoairslaid.com.br\/lonas\/wp-json\/wp\/v2\/comments?post=4955"}],"version-history":[{"count":1,"href":"https:\/\/grupoairslaid.com.br\/lonas\/wp-json\/wp\/v2\/product\/4955\/revisions"}],"predecessor-version":[{"id":5488,"href":"https:\/\/grupoairslaid.com.br\/lonas\/wp-json\/wp\/v2\/product\/4955\/revisions\/5488"}],"wp:featuredmedia":[{"embeddable":true,"href":"https:\/\/grupoairslaid.com.br\/lonas\/wp-json\/wp\/v2\/media\/5250"}],"wp:attachment":[{"href":"https:\/\/grupoairslaid.com.br\/lonas\/wp-json\/wp\/v2\/media?parent=4955"}],"wp:term":[{"taxonomy":"product_cat","embeddable":true,"href":"https:\/\/grupoairslaid.com.br\/lonas\/wp-json\/wp\/v2\/product_cat?post=4955"},{"taxonomy":"product_tag","embeddable":true,"href":"https:\/\/grupoairslaid.com.br\/lonas\/wp-json\/wp\/v2\/product_tag?post=4955"}],"curies":[{"name":"wp","href":"https:\/\/api.w.org\/{rel}","templated":true}]}}